{"id":51,"date":"2018-03-05T10:01:50","date_gmt":"2018-03-05T09:01:50","guid":{"rendered":"http:\/\/ragdolls-dosene.de\/?page_id=51"},"modified":"2025-08-07T17:39:09","modified_gmt":"2025-08-07T15:39:09","slug":"impressum","status":"publish","type":"page","link":"https:\/\/www.ragdolls-dosene.de\/?page_id=51","title":{"rendered":"Impressum"},"content":{"rendered":"<p><span style=\"color: #000080;\">Carola Gottesmann<\/span><br \/>\n<span style=\"color: #000080;\"> Libertastra\u00dfe 11<\/span><br \/>\n<span style=\"color: #000080;\"> D \u2013 04279 Leipzig<\/span><\/p>\n<p><span style=\"color: #000080;\">Telefon: 0341 &#8211; 33797622<\/span><br \/>\n<span style=\"color: #000080;\"> Funk:\u00a0 \u00a0 \u00a00171 &#8211; 1109946<\/span><br \/>\n<span style=\"color: #000080;\"> E-Mail: info@ragdolls-dosene.de<\/span><\/p>\n<p><span style=\"color: #000080;\">Webdesigner: Klaus Gottesmann <\/span><\/p>\n<p><span style=\"color: #000080;\">Alle Texte, Bilder und Video`s\u00a0 unterliegen dem Urheberrecht.\u00a0 <\/span><span style=\"color: #000080;\">Downloads und Kopien dieser Seite sind f\u00fcr den privaten und kommerziellen Gebrauch nicht gestattet.<\/span><\/p>\n<p><span style=\"color: #000080;\">Haftungshinweis: Die auf unseren Internetseiten enthaltenen Informationen und Angaben wurden sorgf\u00e4ltig gepr\u00fcft.<\/span><br \/>\n<span style=\"color: #000080;\"> Dies ist ein Service, ersetzt aber eine individuelle und pers\u00f6nliche Beratung nicht.<\/span><br \/>\n<span style=\"color: #000080;\"> Wenn Sie weitere Daten und Informationen w\u00fcnschen, nehmen Sie bitte Kontakt mit den genannten Verantwortlichen auf.<\/span><br \/>\n<span style=\"color: #000080;\"> Alle Rechte vorbehalten.<\/span><\/p>\n<p><span style=\"color: #000080;\">F\u00fcr die Richtigkeit und Vollst\u00e4ndigkeit der Angaben wird keine Gew\u00e4hr \u00fcbernommen. Kopien d\u00fcrfen nur nach vorheriger schriftlicher Zustimmung des Anbieters erfolgen.<\/span><br \/>\n<span style=\"color: #000080;\"> Dasselbe gilt f\u00fcr die Inhalte Dritter, die \u00fcber diese Seiten zug\u00e4nglich sind. In keinem Fall wird f\u00fcr eventuelle Sch\u00e4den, die sich aus der Verwendung der vorgefundenen Informationen ergeben k\u00f6nnten,\u00a0<\/span><span style=\"color: #000080;\">eine Haftung \u00fcbernommen. F\u00fcr technische Fragen stehen wir gern zur Verf\u00fcgung. Wir weisen ausdr\u00fccklich darauf hin, dass alle Links, die sich in einem neuen Browserfenster \u00f6ffnen, nicht mehr zu unserem Internetseitenumfang geh\u00f6ren. F\u00fcr diese Inhalte sind die jeweiligen Anbieter verantwortlich. Wir \u00fcbernehmen dazu keine Haftung.<\/span><\/p>\n","protected":false},"excerpt":{"rendered":"<p>Carola Gottesmann Libertastra\u00dfe 11 D \u2013 04279 Leipzig Telefon: 0341 &#8211; 33797622 Funk:\u00a0 \u00a0 \u00a00171 &#8211; 1109946 E-Mail: info@ragdolls-dosene.de Webdesigner: Klaus Gottesmann Alle Texte, Bilder und Video`s\u00a0 unterliegen dem Urheberrecht.\u00a0 [&hellip;]<\/p>\n","protected":false},"author":1,"featured_media":0,"parent":0,"menu_order":0,"comment_status":"closed","ping_status":"closed","template":"page-templates\/left-sidebar.php","meta":{"footnotes":""},"class_list":["post-51","page","type-page","status-publish","hentry"],"_links":{"self":[{"href":"https:\/\/www.ragdolls-dosene.de\/index.php?rest_route=\/wp\/v2\/pages\/51","targetHints":{"allow":["GET"]}}],"collection":[{"href":"https:\/\/www.ragdolls-dosene.de\/index.php?rest_route=\/wp\/v2\/pages"}],"about":[{"href":"https:\/\/www.ragdolls-dosene.de\/index.php?rest_route=\/wp\/v2\/types\/page"}],"author":[{"embeddable":true,"href":"https:\/\/www.ragdolls-dosene.de\/index.php?rest_route=\/wp\/v2\/users\/1"}],"replies":[{"embeddable":true,"href":"https:\/\/www.ragdolls-dosene.de\/index.php?rest_route=%2Fwp%2Fv2%2Fcomments&post=51"}],"version-history":[{"count":8,"href":"https:\/\/www.ragdolls-dosene.de\/index.php?rest_route=\/wp\/v2\/pages\/51\/revisions"}],"predecessor-version":[{"id":5489,"href":"https:\/\/www.ragdolls-dosene.de\/index.php?rest_route=\/wp\/v2\/pages\/51\/revisions\/5489"}],"wp:attachment":[{"href":"https:\/\/www.ragdolls-dosene.de\/index.php?rest_route=%2Fwp%2Fv2%2Fmedia&parent=51"}],"curies":[{"name":"wp","href":"https:\/\/api.w.org\/{rel}","templated":true}]}}