{"id":2210,"date":"2020-01-05T17:34:06","date_gmt":"2020-01-05T16:34:06","guid":{"rendered":"https:\/\/ragdolls-dosene.de\/?page_id=2210"},"modified":"2020-12-05T19:04:18","modified_gmt":"2020-12-05T18:04:18","slug":"an-die-kittenkaeufer","status":"publish","type":"page","link":"https:\/\/www.ragdolls-dosene.de\/?page_id=2210","title":{"rendered":"An die Kittenk\u00e4ufer"},"content":{"rendered":"<h4><span style=\"color: #000080;\">Offener Brief an alle Kittenk\u00e4ufer<\/span><\/h4>\n<p><span style=\"color: #000080;\">Ihr habt uns sicher besucht, bevor ihr eure Katze mit nach Hause genommen habt. Ihr habt uns viele Fragen gestellt und wir Z\u00fcchter haben sie euch geduldig beantwortet. Auch wir haben euch viele Fragen gestellt und versucht , euch so gut wie m\u00f6glich kennenzulernen. Wir haben euch erkl\u00e4rt, wie die Katze gepflegt, gef\u00fcttert und gehalten werden sollte. Wir haben euch auch gesagt, dass uns der Kontakt zu unseren Kitten immer wichtig sein wi<span class=\"text_exposed_show\">rd und wir uns sein ganzes Leben verantwortlich f\u00fchlen.<\/span><\/span><\/p>\n<div class=\"text_exposed_show\">\n<p><span style=\"color: #000080;\">Warum? Weil wir unsere Kitten lieben!<\/span><\/p>\n<p><span style=\"color: #000080;\">Ihren ersten Atemzug haben sie in unseren H\u00e4nden gemacht, wir haben gebangt um zartes Leben, wenig geschlafen und daf\u00fcr gesorgt , dass unsere Babys einen bestm\u00f6glichen Start in ein tolles und gesundes Katzenleben haben. Die Mutter eurer Katze ist unser geliebtes Familienmitglied, manchmal auch der Vater und wir haben uns etwas dabei gedacht , dass gerade diese Beiden die Eltern eurer Katze wurden.<\/span><\/p>\n<p><span style=\"color: #000080;\">Auch dies , weil wir unsere Katzen lieben.<\/span><\/p>\n<p><span style=\"color: #000080;\">Wir sagen nicht viel, wenn ihr erz\u00e4hlt , dass eure Katze nun pl\u00f6tzlich das Futter nicht mehr mag und ertragen jeden Futterwechsel , ohne zu murren.<\/span><\/p>\n<p><span style=\"color: #000080;\">Denn wir lieben sie immer noch.<\/span><\/p>\n<p><span style=\"color: #000080;\">Wir freuen uns sehr \u00fcber jedes Foto, jede Nachricht und jeden Anruf, auch noch nach Jahren.<\/span><br \/>\n<span style=\"color: #000080;\">Denn wir lieben unsere Katzen immer noch.<\/span><br \/>\n<span style=\"color: #000080;\">Wir sind nicht Z\u00fcchter geworden, weil wir Langeweile hatten, wir nehmen all das auf uns , weil wir diese Rasse lieben und weil wir euch einen Traum erf\u00fcllen, den Traum einer Katze. Also glaubt bitte nicht, dass ihr uns die Liebe zu unseren Kitten mit ein paar Geldscheinen abkaufen k\u00f6nnt.<\/span><\/p>\n<p><span style=\"color: #000080;\">Sch\u00f6ne Freundschaften entstehen auf diesem Weg , das m\u00f6chten wir niemals missen. Viele Kittenk\u00e4ufer berichten uns noch nach vielen Jahren, wie toll gerade diese eine Katze ist , die sie damals bei uns erworben haben. Dann geht uns das Herz auf.<\/span><br \/>\n<span style=\"color: #000080;\">Leider gibt es eben auch die anderen, die einfach so aus unserem Leben verschwinden, als h\u00e4tten sie vergessen , dass wir Z\u00fcchter es waren, die ihnen einst ihr Herz verkauft haben!!<\/span><\/p>\n<pre><span style=\"color: #000080;\"><em>mit freundlicher Genehmigung von Monika Theisen<\/em><\/span><\/pre>\n<\/div>\n","protected":false},"excerpt":{"rendered":"<p>Offener Brief an alle Kittenk\u00e4ufer Ihr habt uns sicher besucht, bevor ihr eure Katze mit nach Hause genommen habt. Ihr habt uns viele Fragen gestellt und wir Z\u00fcchter haben sie [&hellip;]<\/p>\n","protected":false},"author":1,"featured_media":0,"parent":0,"menu_order":0,"comment_status":"closed","ping_status":"closed","template":"","meta":{"footnotes":""},"class_list":["post-2210","page","type-page","status-publish","hentry"],"_links":{"self":[{"href":"https:\/\/www.ragdolls-dosene.de\/index.php?rest_route=\/wp\/v2\/pages\/2210","targetHints":{"allow":["GET"]}}],"collection":[{"href":"https:\/\/www.ragdolls-dosene.de\/index.php?rest_route=\/wp\/v2\/pages"}],"about":[{"href":"https:\/\/www.ragdolls-dosene.de\/index.php?rest_route=\/wp\/v2\/types\/page"}],"author":[{"embeddable":true,"href":"https:\/\/www.ragdolls-dosene.de\/index.php?rest_route=\/wp\/v2\/users\/1"}],"replies":[{"embeddable":true,"href":"https:\/\/www.ragdolls-dosene.de\/index.php?rest_route=%2Fwp%2Fv2%2Fcomments&post=2210"}],"version-history":[{"count":4,"href":"https:\/\/www.ragdolls-dosene.de\/index.php?rest_route=\/wp\/v2\/pages\/2210\/revisions"}],"predecessor-version":[{"id":2931,"href":"https:\/\/www.ragdolls-dosene.de\/index.php?rest_route=\/wp\/v2\/pages\/2210\/revisions\/2931"}],"wp:attachment":[{"href":"https:\/\/www.ragdolls-dosene.de\/index.php?rest_route=%2Fwp%2Fv2%2Fmedia&parent=2210"}],"curies":[{"name":"wp","href":"https:\/\/api.w.org\/{rel}","templated":true}]}}