{"id":2017,"date":"2019-12-10T19:44:28","date_gmt":"2019-12-10T18:44:28","guid":{"rendered":"https:\/\/ragdolls-dosene.de\/?page_id=2017"},"modified":"2019-12-10T19:51:27","modified_gmt":"2019-12-10T18:51:27","slug":"zahngesundheit-und-narkose","status":"publish","type":"page","link":"https:\/\/www.ragdolls-dosene.de\/?page_id=2017","title":{"rendered":"Zahngesundheit"},"content":{"rendered":"<p><span style=\"color: #000080;\">Zahngesundheit ist f\u00fcr unser Katzen sehr wichtig. Durch regelm\u00e4\u00dfige Kontrolle und Vorsorge kann unseren Lieblingen viel Schmerz und Leid erspart werden. Wir putzen unseren Vierbeinern in regelm\u00e4\u00dfigen Abst\u00e4nden die Z\u00e4hne. Daf\u00fcr benutzen wir Zahncreme mit H\u00fchnchengeschmack. Scheint zu\u00a0 schmecken, denn es wird gerne genommen. Das m\u00fcssen Sie aber nicht machen, wenn Ihre Katze das nicht mag. Wir machen es auch nur, weil eine unserer Damen mal eine kleine entz\u00fcndete Stelle am Zahnfleisch hatte.<\/span><\/p>\n<p><span style=\"color: #000080;\">Hier finden Sie einen sehr interessanten Link zu diesem Thema.<\/span><\/p>\n<p>\u00a0<\/p>\n\n\n<div class=\"wp-block-button\"><a class=\"wp-block-button__link has-background\" href=\"https:\/\/www.tierarzt-rueckert.de\/blog\/details.php?Kunde=1489&amp;Modul=3&amp;ID=19837&amp;fbclid=IwAR1unZibqCJ74oquYgnR0gS079njB5urJyTTnpffI0XHbNrY9Z3Mx3b8L5w\" style=\"background-color:#1412a9\">Link zur Homepage des Herrn Dr. R\u00fcckert<\/a><\/div>\n","protected":false},"excerpt":{"rendered":"<p>Zahngesundheit ist f\u00fcr unser Katzen sehr wichtig. Durch regelm\u00e4\u00dfige Kontrolle und Vorsorge kann unseren Lieblingen viel Schmerz und Leid erspart werden. Wir putzen unseren Vierbeinern in regelm\u00e4\u00dfigen Abst\u00e4nden die Z\u00e4hne. [&hellip;]<\/p>\n","protected":false},"author":2,"featured_media":0,"parent":0,"menu_order":0,"comment_status":"closed","ping_status":"closed","template":"","meta":{"footnotes":""},"class_list":["post-2017","page","type-page","status-publish","hentry"],"_links":{"self":[{"href":"https:\/\/www.ragdolls-dosene.de\/index.php?rest_route=\/wp\/v2\/pages\/2017","targetHints":{"allow":["GET"]}}],"collection":[{"href":"https:\/\/www.ragdolls-dosene.de\/index.php?rest_route=\/wp\/v2\/pages"}],"about":[{"href":"https:\/\/www.ragdolls-dosene.de\/index.php?rest_route=\/wp\/v2\/types\/page"}],"author":[{"embeddable":true,"href":"https:\/\/www.ragdolls-dosene.de\/index.php?rest_route=\/wp\/v2\/users\/2"}],"replies":[{"embeddable":true,"href":"https:\/\/www.ragdolls-dosene.de\/index.php?rest_route=%2Fwp%2Fv2%2Fcomments&post=2017"}],"version-history":[{"count":5,"href":"https:\/\/www.ragdolls-dosene.de\/index.php?rest_route=\/wp\/v2\/pages\/2017\/revisions"}],"predecessor-version":[{"id":2024,"href":"https:\/\/www.ragdolls-dosene.de\/index.php?rest_route=\/wp\/v2\/pages\/2017\/revisions\/2024"}],"wp:attachment":[{"href":"https:\/\/www.ragdolls-dosene.de\/index.php?rest_route=%2Fwp%2Fv2%2Fmedia&parent=2017"}],"curies":[{"name":"wp","href":"https:\/\/api.w.org\/{rel}","templated":true}]}}