{"id":176,"date":"2018-03-09T18:19:39","date_gmt":"2018-03-09T17:19:39","guid":{"rendered":"http:\/\/ragdolls-dosene.de\/?page_id=176"},"modified":"2025-08-07T20:13:34","modified_gmt":"2025-08-07T18:13:34","slug":"rasseportrait","status":"publish","type":"page","link":"https:\/\/www.ragdolls-dosene.de\/?page_id=176","title":{"rendered":"Rasseportrait Ragdoll"},"content":{"rendered":"<p><span style=\"color: #000080;\"><strong><span style=\"font-size: 16px;\">Die Ragdoll ist eine Pointkatze. Sie hat den Gencode cs\/cs<\/span><\/strong><\/span><\/p>\n<div><span style=\"font-size: 16px; color: #000080;\">Der Gencode cs steht f\u00fcr die Pointf\u00e4rbung und wird rezessiv vererbt. Die Kitten werden alle wei\u00df geboren und f\u00e4rben sich langsam zu Pointkatzen um, an den k\u00e4ltesten Stellen (Maske, Ohren, Beine und Schwanz) zuerst.<\/span><\/div>\n<div><span style=\"font-size: 16px; color: #000080;\">Sie haben immer blaue Augen. Je intensiver das Blau um so besser.<\/span><\/div>\n<div><span style=\"font-size: 16px; color: #000080;\">Man unterscheidet in vier Gruppen:<\/span><\/div>\n<div><\/div>\n<div><span style=\"font-size: 16px; color: #000080;\">1.\u00a0 Die Rein traditionellen Ragdolls auch als Old English bezeichnet<\/span><\/div>\n<div><span style=\"font-size: 16px; color: #000080;\">2. Die traditionellen Ragdolls mit BM,PH und V in den Linien und <\/span><\/div>\n<div><span style=\"font-size: 16px; color: #000080;\">3. Die nicht traditionellen Linien, auch als Non Traditionell bezeichnet<\/span><\/div>\n<div><span style=\"font-size: 16px; color: #000080;\">4. Die Mink&#8217;s, Sepia&#8217;s und Solid&#8217;s, ab 01.05.2025 als Cherubim registriert<\/span><\/div>\n<div><span style=\"color: #ffffff;\">.<\/span><\/div>\n<div>\n<h3><span style=\"color: #000080;\">1.\u00a0 <span style=\"font-size: 16px;\">Die Rein Traditionellen Linien &#8211; Old English bzw. 100% r\u00fcckverfolgbar auf die Gr\u00fcndertiere<\/span><\/span><\/h3>\n<\/div>\n<div><span style=\"color: #000080;\"><span style=\"font-size: 12pt;\">Die\u00a0<strong>traditionelle Linie<\/strong> (auch Original Ragdoll genannt) muss in die Dayton-Genetikkarte (Stammbaumkarte) eingetragen sein. <\/span><\/span><\/div>\n<div><span style=\"color: #000080; font-size: 12pt;\">Alle eingetragenen Ragdolls m\u00fcssen sich auf die Ursprungstiere zur\u00fcckf\u00fchren lassen. <\/span><\/div>\n<div><span style=\"color: #000080; font-size: 12pt;\">Es m\u00fcssen immer beide Elterntiere eingetragene Original &#8211; Ragdolls sein, nur so bleibt das Original erhalten. <\/span><\/div>\n<div class=\"n module-type-textWithImage diyfeLiveArea \">\n<div id=\"textWithImage-5786316702\" class=\"clearover \">\n<div class=\"textwrapper\">\n<ul>\n<li><span style=\"font-size: 16px; color: #000080;\">Nur eingetragene Tiere und deren Nachkommen sind &#8222;Original Ragdolls&#8220;<\/span><\/li>\n<li><span style=\"font-size: 16px; color: #000080;\"> Es gibt sie in vier Farben und drei Varianten.\u00a0<\/span><\/li>\n<\/ul>\n<p><span style=\"font-size: 16px; color: #000080;\">Sie wird in den Farben Seal und Blue (Verd\u00fcnnung von Seal) sowie Chocolate und Lilac (Verd\u00fcnnung von Choco<\/span><span style=\"font-size: 16px; color: #000080;\">late) und den Varianten Colourpoint, Mitted und Bicolor gez\u00fcchtet.<\/span><\/p>\n<h3 id=\"mcetoc_1c5ee4kjd0\"><span style=\"font-size: 16px; color: #000080;\">2. Die traditionelle Ragdoll mit den Catterys Blue Mountain, Purple Heather und Vistin in den Linien<\/span><\/h3>\n<p><span style=\"color: #000080;\"><span style=\"font-size: 16px;\">Die Ahnen dieser Tiere sind im Nebenstamm der Genetikkarte eingetragen und gelten als nicht mehr zu 100% r\u00fcckverfolgbar. Insgesamt sind 21 Ragdolls aus sechs Cattery\u00a0 im Nebenstamm ohne Verbindung zu den Elterntieren, welche im Hauptstamm der Genetikkarte zu finden sind, erfasst. Diese 21 Ragdolls wurden bei A. Baker mit Linzenz erworben. Inzwischen konnte bei sechs dieser Katzen die Verbindung zum Hauptstamm gefunden werden.<\/span><\/span><span style=\"color: #000080;\"><span style=\"font-size: 16px;\">\u00a0<\/span><\/span><span style=\"color: #000080;\"><span style=\"font-size: 16px;\">Diese Ragdoll`s werden ebenfalls in den vier bereits beschriebenen Farben und den drei Varianten gez\u00fcchtet und gelten als Traditionell.<\/span><\/span><\/p>\n<p><span style=\"font-size: 16px; color: #000080;\"><strong>Was alle Ragdolls gemeinsam haben:<\/strong><\/span><\/p>\n<\/div>\n<p><span style=\"color: #000080;\"><span style=\"font-size: 16px;\">\u00a0<\/span><span style=\"font-size: 16px;\">Alle Ragdolls haben dichtes, seidenweiches Fell aus mittellangen bis langen Haaren. Das Gesicht wird von einer gro\u00dfen Halskrause umrahmt. Die Augen sind gro\u00df und leicht oval. Die Ragdoll hat einen gro\u00dfen\u00a0 und kr\u00e4ftigen K\u00f6rperbau.<\/span><\/span><\/p>\n<\/div>\n<\/div>\n<p><span style=\"font-size: 16px; color: #000080;\">Die Ragdoll hat ein freundliches, ruhiges Wesen und mag keinen L\u00e4rm und keine Hektik. Sie sch\u00e4tzt eine gem\u00fctliche Umgebung und ist am liebsten in der N\u00e4he ihres Menschen. Sie sind sehr anh\u00e4nglich und verschmust. Die Ragdoll liebt es auf dem Arm Ihres Menschen gestreichelt zu werden.<\/span><\/p>\n<p><span style=\"font-size: 16px; color: #000080;\">Am wohlsten f\u00fchlen sich Radolls, wenn sie Artgenossen, Kinder oder Ihren Besitzer immer um sich haben. Sie mag es nicht zu lange allein zu sein. Da sie sehr gesellschaftsf\u00e4hig ist, sollte die Ragdoll zu zweit gehalten werden. Dabei muss es nicht zwingend\u00a0 ein Ragdollgef\u00e4hrte sein. Sie kommt auch sehr gut mit Hunden zurecht. Die Wohnungshaltung macht dieser Katze nichts aus, solange sie gen\u00fcgend Aufmerksamkeit bekommt und am Geschehen teilnehmen kann. Sie passt sich sehr gut an und ist nicht laut. Obwohl sie ruhig ist, wird es mit Ihr nie langweilig, denn sie ist sehr verspielt. Das Fell muss regelm\u00e4\u00dfig gepflegt werden, aber die Fellpflege ist nicht sehr aufwendig, da die Haare kaum zu Knoten- oder Filzbildung neigen.<\/span><\/p>\n<p><span style=\"font-size: 16px; color: #000080;\">Die Katze kann ein Gewicht von 4,5 bis 6,5 kg erreichen und der Kater ein Gewicht von 6,5 bis 9,5kg.<\/span><\/p>\n<p><span style=\"font-size: 16px; color: #000080;\">Sie kann eine Schulterh\u00f6he bis 40 cm\u00a0 und\u00a0 eine L\u00e4nge von 100 &#8211; 120 cm (Nase bis Schwanz) erreichen.<\/span><\/p>\n<p><span style=\"font-size: 16px; color: #000080;\">Ihr Herkunftsland sind die USA, Kalifornien.<\/span><\/p>\n<div class=\"n module-type-textWithImage diyfeLiveArea \">\n<div id=\"textWithImage-5786316702\" class=\"clearover \"><\/div>\n<\/div>\n","protected":false},"excerpt":{"rendered":"<p>Die Ragdoll ist eine Pointkatze. Sie hat den Gencode cs\/cs Der Gencode cs steht f\u00fcr die Pointf\u00e4rbung und wird rezessiv vererbt. Die Kitten werden alle wei\u00df geboren und f\u00e4rben sich [&hellip;]<\/p>\n","protected":false},"author":1,"featured_media":0,"parent":0,"menu_order":0,"comment_status":"closed","ping_status":"closed","template":"page-templates\/left-sidebar.php","meta":{"footnotes":""},"class_list":["post-176","page","type-page","status-publish","hentry"],"_links":{"self":[{"href":"https:\/\/www.ragdolls-dosene.de\/index.php?rest_route=\/wp\/v2\/pages\/176","targetHints":{"allow":["GET"]}}],"collection":[{"href":"https:\/\/www.ragdolls-dosene.de\/index.php?rest_route=\/wp\/v2\/pages"}],"about":[{"href":"https:\/\/www.ragdolls-dosene.de\/index.php?rest_route=\/wp\/v2\/types\/page"}],"author":[{"embeddable":true,"href":"https:\/\/www.ragdolls-dosene.de\/index.php?rest_route=\/wp\/v2\/users\/1"}],"replies":[{"embeddable":true,"href":"https:\/\/www.ragdolls-dosene.de\/index.php?rest_route=%2Fwp%2Fv2%2Fcomments&post=176"}],"version-history":[{"count":82,"href":"https:\/\/www.ragdolls-dosene.de\/index.php?rest_route=\/wp\/v2\/pages\/176\/revisions"}],"predecessor-version":[{"id":5504,"href":"https:\/\/www.ragdolls-dosene.de\/index.php?rest_route=\/wp\/v2\/pages\/176\/revisions\/5504"}],"wp:attachment":[{"href":"https:\/\/www.ragdolls-dosene.de\/index.php?rest_route=%2Fwp%2Fv2%2Fmedia&parent=176"}],"curies":[{"name":"wp","href":"https:\/\/api.w.org\/{rel}","templated":true}]}}