{"id":174,"date":"2018-03-09T18:18:42","date_gmt":"2018-03-09T17:18:42","guid":{"rendered":"http:\/\/ragdolls-dosene.de\/?page_id=174"},"modified":"2024-05-27T20:42:09","modified_gmt":"2024-05-27T18:42:09","slug":"geschichte-der-ragdoll","status":"publish","type":"page","link":"https:\/\/www.ragdolls-dosene.de\/?page_id=174","title":{"rendered":"Ragdollgeschichte"},"content":{"rendered":"<div class=\"n module-type-textWithImage diyfeLiveArea \">\n<div id=\"textWithImage-5786316702\" class=\"clearover \">\n<div class=\"textwrapper\">\n<div><\/div>\n<\/div>\n<\/div>\n<\/div>\n<div><\/div>\n<div><span style=\"color: #ffffff;\"><span style=\"font-size: 14pt;\"><strong><span style=\"color: #000080;\">Traditionell und Original bedeutet dasselbe.\u00a0<\/span><\/strong><\/span><\/span><\/div>\n<h5><span style=\"color: #000080;\">Die Traditionelle Ragdoll = eingetragen in der Genetikkarte von Denny Dayton und damit dokumentierte Reinrassigkeit.<\/span><\/h5>\n<h5><span style=\"color: #000080;\">Das Besondere an der Traditionellen Ragdoll ist die l\u00fcckenlose R\u00fcckverfolgung auf die Gr\u00fcndertiere und es erfolgte keine Einkreuzung von Fremdrassen. Die traditionelle Ragdoll ist die einzige Rasse, welche aus einer Cattery stammt.<\/span><\/h5>\n<p><span style=\"color: #000080; font-size: 12pt;\">Die Ragdoll wurde in Californien von Ann Baker in den 1960er Jahren gez\u00fcchtet und patentiert.<\/span><\/p>\n<div><span style=\"color: #000080; font-size: 12pt;\">Die Ragdoll ist eine Hybridrasse und wurde aus einer wei\u00dfen Angora \u00e4hnlichen Solid-Katze (Josephine, Begr\u00fcnderin der Ligth-Line), einem Kater (Birman, hier gibt es leider keine weiteren Aufzeichnungen) dem Birmastandard entsprechend und einer dem Burmastandard entsprechenden Katze in Mink (Burmese, Begr\u00fcnderin der Dark-Line) gez\u00fcchtet. Die Ahnen aller drei Gr\u00fcndungskatzen sind nicht weiter bekannt bzw. Frau Baker machte ein Geheimnis aus der Abstammung. Die Nachkommen dieser drei Tiere sind die wirklichen Gr\u00fcnderkatzen. Denn erst diese Gr\u00fcndertiere (F1-Generation) zeigen sich in der uns heute bekannten typischen Ragdollzeichnung Colourpoint, Mitted und Bicolour.<\/span><\/div>\n<div><span style=\"color: #000080; font-size: 12pt;\">Die traditionelle Ragdoll hat immer blaue Augen.\u00a0<\/span><\/div>\n<div><span style=\"color: #000080; font-size: 12pt;\">Anne Baker kreierte diese sch\u00f6ne, liebenswerte Rasse und lie\u00df sich 1965 vier Farben (Seal, Blue, Chocolate und Lilac) und drei Varianten (Mitted, Bicolour und Colourpoint) patentieren.\u00a0<\/span><\/div>\n<div><span style=\"color: #000080; font-size: 12pt;\">Anne Baker z\u00fcchtete unter dem Catterynamen &#8222;Raggedy Anne &#8222;.<\/span><\/div>\n<div><\/div>\n<div><span style=\"color: #000080; font-size: 12pt;\">Das Ehepaar Denny und Laura Dayton (Cattery Blossom Time) arbeitete eng mit Ann Baker zusammen und erwarb die ersten Zuchtkatzen von Anne Baker. Denny Dayton haben wir die Genetikkarte der Ragdoll zu verdanken. In dieser Karte werden alle traditionellen Ragdolls, beginnend mit den Gr\u00fcndertieren, gef\u00fchrt. Die Ragdoll ist auf Grund der Arbeit von Denny Dayton einzigartig in der Welt der Katzenz\u00fcchter, weil sie die einzige Rasse ist, die sich l\u00fcckenlos zu den Ursprungstieren zur\u00fcckverfolgen l\u00e4sst. Denny Dayton ist es auch zu verdanken, dass wir hier in Deutschland diese Rasse z\u00fcchten k\u00f6nnen. Dank D. Dayton. kamen 1981 die ersten Ragdolls nach England und wurden dort in den Cattery`s Petil &#8211; Lu und Patriaca gez\u00fcchtet. Etwa 1985 kamen die ersten Zuchttiere nach Deutschland. <\/span><\/div>\n<div><\/div>\n<div><span style=\"color: #ffffff;\">.<\/span><\/div>\n<h5><span style=\"color: #000080; font-size: 12pt;\">Und so entstanden die Ragdolls in den Neuen Farben = eingekreuzte Fremdrassen und damit keine Eintragung in die Genetikkarte und keine Reinrassigkeit mehr.<\/span><\/h5>\n<div><span style=\"background-color: #ffffff; color: #ffffff; font-size: 14pt;\">.<\/span><\/div>\n<div><span style=\"color: #000080; font-size: 12pt;\">In den W\u00fcrfen von Frau Baker fielen immer wieder mal andere Fellfarben und Zeichnungen. Frau Baker &#8222;sortierte&#8220; diese Farben und Varianten aber aus und bezeichnete\u00a0 diese als Miracles, Honeybear`s und Cherubim`s.<\/span><\/div>\n<div><\/div>\n<div><span style=\"color: #000080; font-size: 12pt;\">Die Farbenzucht begann in Amerika. Auch Frau Baker begann Anfang der 80er Jahre mit der Farbenzucht, weil sie die Farbenz\u00fcchter als Konkurrenz empfand. Man kreuzte traditionelle Ragdolls mit anderen Rassen um neue Farben und Zeichnungen in die Ragdoll zu bekommen. Es gab jetzt auch die Farben Red und Creme sowie die Varianten Tabby, Tortie und Lynx mit und ohne Point. Auch die Augenfarben haben sich ver\u00e4ndert,\u00a0 man findet jetzt auch gr\u00fcne, gelbe und aquamarinfarbene Augen. Das bedeutet, dass Rageddy Anne Ragdolls ab dem Jahr 1981\/82 nicht mehr zwangsl\u00e4ufig traditionelle Ragdolls sind, hier k\u00f6nnen bereits Fremdrassen eingekreuzt sein.<\/span><\/div>\n<div><\/div>\n<div><span style=\"color: #000080; font-size: 12pt;\">Nach dem Ablauf des Patent`s 2005 z\u00fcchteten viele wie sie lustig waren und diese Mischlinge waren erstaunlicher Weise auch Ragdolls.<\/span><\/div>\n<div>\n<div><span style=\"color: #000080; font-size: 12pt;\">Viele Z\u00fcchter behaupten und werben nun auf dieser Grundlage, dass auch diese Katzen reinrassige Ragdolls sind, weil es sie ja schon von Anfang an gab.\u00a0<\/span><\/div>\n<div><span style=\"color: #000080; font-size: 12pt;\">Diese Katzen werden aber nicht in die Genetikkarte von Denny Dayton eingetragen und sind damit keine reinrassigen Ragdolls mehr. Auch der Versuch Anne Baker`s das bestehende Patent von 1965 zu erweitern scheiterte. Das Patent war auf 30 Jahre festgeschrieben und ein Nachtrag neuer Farben und Zeichnungen nicht mehr m\u00f6glich.<\/span><\/div>\n<\/div>\n<div><\/div>\n<div><span style=\"font-size: 12pt;\"><span style=\"color: #000080;\">In Deutschland sind die Neuen Farben nicht anerkannt.<\/span><span style=\"color: #000080;\">\u00a0Leider haben es die Neuen-Farben-Z\u00fcchter in Deutschland bis heute vers\u00e4umt diese Katzen als eigenst\u00e4ndige Rasse anerkennen zulassen.\u00a0 <\/span><\/span><\/div>\n<div><span style=\"color: #000080; font-size: 12pt;\">In Amerika haben sich einige Z\u00fcchter zusammen geschlossen und haben die Neuen Farben zur Anerkennung gebraucht. Da man diese Katzen auf Grund des Patentes nicht mehr Ragdoll nennen durfte, wurden diese Katzen 1994 unter der Rassebezeichnung Ragamuffin anerkannt.<\/span><\/div>\n<div><\/div>\n<p><span style=\"color: #000080; font-size: 10pt;\">Qelle: aus den u. g. B\u00fcchern der Autorinnen Tina R\u00f6llin und Silvia Klaus<\/span><\/p>\n<div><\/div>\n<div><strong><span style=\"color: #000080;\">Im Mai 2024 hat TICA USA beschlossen die nichttraditionellen Ragdolls in den Farben Mink, Sepia und Solid (vollfarbene Katzen) als eine Untergruppe der Ragdoll zu registrieren. Diese Katzen werden ab dem 01.05.2025 unter dem Namen Cherubim registriert. Diese Entscheidung gilt nur f\u00fcr die USA.<\/span><\/strong><\/div>\n<div><strong><span style=\"color: #000080;\">Wie sich Dachorganisationen wie die FIFE, der WCF oder freie Vereine zu dieser Entscheidung positionieren ist noch nicht klar.\u00a0<\/span><\/strong><\/div>\n<div><strong><span style=\"color: #000080;\">Es bleibt also offen wo die Entwicklung in dieser Sache hingeht.<\/span><\/strong><\/div>\n<div><strong><span style=\"color: #000080;\">Vorsicht ist schon jetzt geboten, vor den im Sozialmedia kursierenden Auslegungen dieses Beschlusses.<\/span><\/strong><\/div>\n<div><span style=\"color: #ffffff;\">.<\/span><\/div>\n<div><\/div>\n<div><\/div>\n<div style=\"text-align: center;\"><span style=\"font-size: 14pt;\"><strong><span style=\"color: #000080;\">Wer sich f\u00fcr die wahre Geschichte der traditionellen Ragdoll interessiert, dem kann ich die folgenden B\u00fccher empfehlen<\/span><\/strong><\/span><\/div>\n<div><\/div>\n<div style=\"text-align: center;\"><strong style=\"font-size: 14pt; text-align: center; color: initial;\"><span style=\"color: #000080;\">&#8222;Original Ragdoll 1965-2020\u00a0 55 Jahre Geschichte &#8211; alles \u00fcber diese traumhafte Katzen-Rasse&#8220; <\/span><\/strong><\/div>\n<div style=\"text-align: center;\"><strong style=\"font-size: 14pt; text-align: center; color: initial;\"><span style=\"color: #000080;\">von Silvia Klaus<\/span><\/strong><\/div>\n<div><\/div>\n<div style=\"text-align: center;\"><span style=\"color: #000080;\">\u00a0<span style=\"font-size: 14pt;\"><strong> \u00a0und<\/strong><\/span><\/span><\/div>\n<div style=\"text-align: center;\"><\/div>\n<div style=\"text-align: center;\"><span style=\"font-size: 14pt;\"><strong><span style=\"color: #000080;\">&#8222;Die Original Ragdoll echt und unverf\u00e4lscht<\/span><\/strong><\/span><\/div>\n<div style=\"text-align: center;\"><span style=\"font-size: 14pt;\"><strong><span style=\"color: #000080;\">ein Leitfaden f\u00fcr Liebhaber und Z\u00fcchter zur Erhaltung der Rasse&#8220; <\/span><\/strong><\/span><\/div>\n<div style=\"text-align: center;\"><span style=\"font-size: 14pt;\"><strong><span style=\"color: #000080;\">von Tina R\u00f6llin<\/span><\/strong><\/span><\/div>\n<div><\/div>\n<div><\/div>\n<div><\/div>\n<div><\/div>\n<div><span style=\"color: #000080;\">\u00a0<\/span><\/div>\n<div><\/div>\n","protected":false},"excerpt":{"rendered":"<p>Traditionell und Original bedeutet dasselbe.\u00a0 Die Traditionelle Ragdoll = eingetragen in der Genetikkarte von Denny Dayton und damit dokumentierte Reinrassigkeit. Das Besondere an der Traditionellen Ragdoll ist die l\u00fcckenlose R\u00fcckverfolgung [&hellip;]<\/p>\n","protected":false},"author":1,"featured_media":0,"parent":0,"menu_order":0,"comment_status":"closed","ping_status":"closed","template":"page-templates\/left-sidebar.php","meta":{"footnotes":""},"class_list":["post-174","page","type-page","status-publish","hentry"],"_links":{"self":[{"href":"https:\/\/www.ragdolls-dosene.de\/index.php?rest_route=\/wp\/v2\/pages\/174","targetHints":{"allow":["GET"]}}],"collection":[{"href":"https:\/\/www.ragdolls-dosene.de\/index.php?rest_route=\/wp\/v2\/pages"}],"about":[{"href":"https:\/\/www.ragdolls-dosene.de\/index.php?rest_route=\/wp\/v2\/types\/page"}],"author":[{"embeddable":true,"href":"https:\/\/www.ragdolls-dosene.de\/index.php?rest_route=\/wp\/v2\/users\/1"}],"replies":[{"embeddable":true,"href":"https:\/\/www.ragdolls-dosene.de\/index.php?rest_route=%2Fwp%2Fv2%2Fcomments&post=174"}],"version-history":[{"count":66,"href":"https:\/\/www.ragdolls-dosene.de\/index.php?rest_route=\/wp\/v2\/pages\/174\/revisions"}],"predecessor-version":[{"id":5021,"href":"https:\/\/www.ragdolls-dosene.de\/index.php?rest_route=\/wp\/v2\/pages\/174\/revisions\/5021"}],"wp:attachment":[{"href":"https:\/\/www.ragdolls-dosene.de\/index.php?rest_route=%2Fwp%2Fv2%2Fmedia&parent=174"}],"curies":[{"name":"wp","href":"https:\/\/api.w.org\/{rel}","templated":true}]}}